 24?
24
Suppose 0*t + 4 = t. Let n = -3621 - -3819. Suppose -t*w = -n - 98. Calculate the greatest common divisor of 111 and w.
37
Suppose 5*m = 4*x - 784, m = -7*x + 5*x - 154. Let u = 169 - m. What is the highest common divisor of 13 and u?
13
Let c be (-33)/(-4)*(-1352)/(-39). What is the greatest common divisor of 44 and c?
22
Let a = -5314 + 5346. Calculate the greatest common divisor of 528 and a.
16
Let f be 238904/144 + 4/(-72). Calculate the highest common divisor of 7 and f.
7
Let g = 222 - 156. Let k(i) = 11*i**2 + 163*i - 202. Let o be k(-16). Calculate the greatest common factor of g and o.
6
Let n(q) = -q**2 + 50. Let v be n(-7). Let x be (v - -5)/((-3)/(-18)). What is the greatest common factor of x and 96?
12
Suppose -z - w = -136, 5*z + 4*w - 676 = 3*w. Let f be (-3)/((-3)/59) + (1 - -31) + -37. Calculate the greatest common divisor of z and f.
27
Let d be 4/(-7) + (1 + (-195)/(-35))/1. Let k = 687 - 129. What is the greatest common divisor of d and k?
6
Let u(f) = -35 + 77 - 41 - f. Let k be u(1). Suppose k = -49*l + 47*l + 2. Calculate the greatest common divisor of l and 2.
1
Let t = -11861 + 31643. Calculate the highest common divisor of t and 126.
126
Let c be ((-45)/(-18))/((-3)/(-6)). Let f(w) = w**3 - 9*w**2 + 29*w - 12. Let l be f(c). What is the greatest common divisor of 66 and l?
33
Let w = 35 + 65. Suppose -233 = c + w. Let o be 2/((-24)/c) - 2/(-8). What is the highest common divisor of o and 252?
28
Let p(d) = d**3 - 13*d**2 + 31*d - 97. Let w be p(11). Suppose -3*o = -w*j - 134, 5*o + 5*j + 43 - 283 = 0. What is the highest common factor of 2 and o?
2
Let n(i) = 110*i**2 + 139*i + 135. Let o be n(-1). Calculate the greatest common divisor of o and 6572.
106
Let d(n) be the first derivative of 4*n**2 + 1 + 3 - 6*n + 12 - 16*n**2. Let o be d(-3). What is the highest common factor of o and 6?
6
Suppose 9*t - 22*t = -3068. Let h = t + -145. Calculate the highest common divisor of 7 and h.
7
Let m be (-1)/(-5) - (-237)/15 - -3. Suppose -301 - m = -4*p. What is the highest common factor of 32 and p?
16
Suppose s = -7*s + 3400. Let a(k) = -25*k**3 - 5*k - 5. Let f be a(-1). What is the highest common divisor of s and f?
25
Let f be 4/(-20 + 18 + 15*(-28)/(-198)). Calculate the greatest common factor of f and 4323.
33
Let n(c) = 2*c**2 - 5*c + 64. Let k be n(-10). Let q = k - 311. Calculate the greatest common factor of q and 6.
3
Let w(l) = -l - 4. Let d be w(-4). Suppose d = 4*p - 100 - 36. Let h(j) = 268*j + 4. Let n be h(1). What is the highest common factor of p and n?
34
Let n = -349 - -349. Suppose 0 = -3*g - 2*x + 158, 5*g + 3*x - x - 270 = n. Calculate the greatest common factor of g and 1.
1
Let b(h) = -4*h**3 - h**2 + 3*h + 15. Let t be b(5). Let a = -231 - t. Calculate the greatest common factor of 24 and a.
24
Let l be (-1)/((-11)/880*8). Let f(a) = -a + 1. Let c(w) = 7*w + 7. Let v(g) = -c(g) + 2*f(g). Let b be v(-5). Calculate the greatest common factor of l and b.
10
Let s = -167 - -184. Let x be s - 0*(-1 + 3/6). Calculate the highest common factor of x and 17.
17
Suppose -46*j = -66*j + 1560. Suppose -9*x = 7*x - 5616. What is the highest common factor of j and x?
39
Let w be (-128140)/(-2408) + 3/(-14). Let l(y) = -170*y + 9. Let u be l(-4). Calculate the greatest common divisor of u and w.
53
Let n = -2749 + 2779. What is the greatest common divisor of n and 1005?
15
Let i = -2 - -47. Let k be 665/i - (-4)/18. Let w = 16374 - 16269. What is the greatest common divisor of k and w?
15
Suppose 0 = 93*f - 28*f - 15080. Calculate the highest common divisor of 58 and f.
58
Suppose -265*m + 133*m - 288 = -148*m. Calculate the greatest common divisor of m and 11808.
18
Let f be (-180)/((-8)/6 - -1). Suppose 0 = -589*o + 590*o + 2*x - 35, -o + 11*x = 95. Calculate the highest common divisor of f and o.
15
Let y = -39 + 39. Suppose 4*p + 0*c - 93 = c, y = 4*p - 3*c - 95. Let j = 37 + p. What is the highest common factor of 24 and j?
12
Let x = 14 - 11. Suppose 6 = -k + p, -p - 14 = x*k + k. Let j(w) = 2*w**2 - 3*w - 8. Let s be j(k). What is the highest common divisor of s and 9?
9
Let g(c) = -278*c**3 + c**2 + 11*c + 14. Let d be g(-5). What is the greatest common factor of 42 and d?
42
Let b = -240909 - -240913. Let f be 2 + -1 + (-1 - -2). Calculate the greatest common divisor of b and f.
2
Let x be 27287/(-52) + 2/(-8). Let y be 9/5*x/(-15). What is the greatest common factor of 819 and y?
63
Let a be -1 + (3 - 5) + 291. Let s be 45*((-39)/65)/(-3 - -2). What is the highest common factor of a and s?
9
Let v be ((-32)/(-20))/(15/((-9000)/(-32))). What is the greatest common divisor of 1630 and v?
10
Let i(v) = v**3 - 19*v**2 - 58*v - 221. Let b be i(25). What is the greatest common divisor of b and 308?
77
Let m be 32/6 - (14/(-3) - -5). Suppose -m*c + 45 + 45 = 0. What is the greatest common factor of c and 9?
9
Let z(i) = -77*i**2 + i. Let o be z(1). Let c = -8 - o. Calculate the highest common factor of c and 34.
34
Let u be 4/(1 - 3) - (-2 + -21). Suppose 2*m + m = -2*m. Suppose 2*n - 3*r - 46 = -7*r, m = -2*n + 3*r + 39. Calculate the greatest common divisor of n and u.
21
Suppose -2*d - 10 = -4. Let i be ((-115)/d)/(13/(-3) - -4). Let x be 6*(i/(-10) - -3). Calculate the highest common divisor of 29 and x.
29
Let m(i) be the first derivative of 2*i**3/3 + i**2/2 - 7*i + 1. Let p be m(2). Suppose 4*c - 2 = 10. Calculate the greatest common divisor of c and p.
3
Let l = -7922 + 7936. What is the highest common divisor of l and 154?
14
Let l = -14110 - -14117. Calculate the highest common divisor of l and 2513.
7
Let v = 5160 + -2046. Calculate the greatest common divisor of v and 18.
18
Suppose -631*y + 622*y + 30 = -636. What is the highest common factor of y and 4625?
37
Let w = 16396 + -16331. Let o be (-2)/8 + 119/(-4). Let r be (-100)/o*6/4. Calculate the highest common divisor of w and r.
5
Suppose -43*o + 15722 = -14464. What is the highest common divisor of 378 and o?
54
Suppose 44*z - 2123 = -149*z. Calculate the highest common divisor of z and 1705.
11
Suppose 55 = -8*j - 49. Let y be (-84)/(-546) - 713/j. Calculate the greatest common divisor of y and 495.
55
Suppose -7*a + 4027 = -348. Suppose -a = -4*r - 181. What is the greatest common divisor of 37 and r?
37
Suppose 56*p = 57*p - 13. Suppose -p*z + 125 = -12*z. What is the greatest common divisor of 75 and z?
25
Let t = -79 + 31. Let h be ((-124)/(-3))/(t/(-72)). Calculate the highest common divisor of h and 186.
62
Let r = -14 - -8. Let f = 12 + r. Let s(i) = 8*i**2 + 94*i + 330. Let o be s(-6). Calculate the greatest common factor of o and f.
6
Let r(t) = -t**3 - 6*t**2 + 7*t + 2. Let n be r(-7). Let f be (-5 - (6 - 12))*(4 + -2 + 1). What is the highest common factor of n and f?
1
Let x = 356 + -216. Let w(z) = z**2 - 34*z + 173. Let a be w(29). What is the highest common factor of a and x?
28
Let d = 262 + -1039. Let b = d + 885. Calculate the greatest common divisor of 192 and b.
12
Suppose -5*y = -3*o + 216, -5*o - y = -8*o + 228. Suppose 0 = -x - 4, -2*x - 15 - 4 = -v. Calculate the highest common divisor of v and o.
11
Let i(h) = 35*h + 10. Let c = 41 + -39. Let q be i(c). Let l(n) = -n**3 - 2*n - 2. Let w be l(-2). Calculate the highest common factor of w and q.
10
Let k = -3361 - -3371. What is the greatest common divisor of k and 810?
10
Let x = -1294 + 4588. What is the highest common factor of x and 488?
122
Let h = -15 + 28. Suppose p - h = -28. Let j = 161 - p. Calculate the highest common divisor of 22 and j.
22
Let i be 69/1*(-1)/(-1). Suppose 556 = 5*p - 13446*a + 13445*a, 6*a = a + 95. Calculate the highest common divisor of i and p.
23
Let w(g) = 611*g - 1526. Let u be w(10). Calculate the highest common factor of u and 24.
24
Let o = 2727 - 2712. What is the highest common factor of 2365 and o?
5
Let n(q) = 2*q**3 - 19*q**2 - 33*q + 2. Let r be n(11). Calculate the highest common factor of 4034 and r.
2
Suppose 5*f - 5*t = 0, 2*t - 3 = f - 0. Suppose 4*x + k = 218, -2*k - 266 = f*x - 8*x. Let l = 59 + -41. Calculate the highest common divisor of x and l.
18
Let b = 1 + -1. Let v = -9389 + 9399. Let m be (b + 2)/6*(-4 + v). Calculate the highest common factor of m and 1.
1
Suppose 0 = -4*y - 2*t + 530, -5*t = -49